-312 = -3*f + 5*f - 3*r, -156 = f + 3*r. Let y = 226 + f. List the prime factors of y.
2, 5, 7
Let d = -712 - -4702. List the prime factors of d.
2, 3, 5, 7, 19
Let g(p) be the second derivative of -122*p**3/3 + p**2 - 33*p. What are the prime factors of g(-1)?
2, 3, 41
Let b = -721 - -1889. List the prime factors of b.
2, 73
Let c = 5534 - 3552. What are the prime factors of c?
2, 991
Let a(i) = -3 - 5*i + 3*i + 4*i - 3*i. Let n be a(-6). Suppose 32 = n*v + 5*l, -4*v + 12 = l - 8. What are the prime factors of v?
2
Let f be (40/6)/((-21)/(-63)). Suppose 0 = 2*n - 0*n + 6. Let k = f - n. List the prime factors of k.
23
Suppose 3*q + 204 = 3*c, 3*c - c + 5*q = 115. Let v = 138 - c. Let x = v - 46. List the prime factors of x.
3
Suppose -6 + 1 = 4*i + 5*z, -4*i - z = 1. Suppose -5*x + 8*x - 78 = i. Let t = 28 - x. List the prime factors of t.
2
Let t = 1 + 2. Let k = t - -3. Suppose 0 = 3*j - 15 - k. What are the prime factors of j?
7
Let j(y) = -2 - 1 + 2 - 6*y. Let w(r) = 3*r + 28. Let f be w(-10). What are the prime factors of j(f)?
11
Let p = -37 + 41. Suppose -v + 124 = -b + p*b, 0 = 5*v + b - 620. What are the prime factors of v?
2, 31
Let v be ((-5)/15)/(2/(-54) - 0). Suppose -v*g + 5*g + 584 = 0. What are the prime factors of g?
2, 73
Suppose 4*a - 2104 = y, -2*a - 7*y + 1052 = -10*y. List the prime factors of a.
2, 263
Suppose 145*a - 393 = 144*a. What are the prime factors of a?
3, 131
Let x be (55/(-22))/((-2)/12). List the prime factors of (-1*2)/((-10)/x).
3
Let c = 820 + -336. What are the prime factors of c?
2, 11
Suppose -l + 8*l = 273. Suppose -w - 4*i = 2*w - 107, -w + 2*i = -l. List the prime factors of w.
37
Let b = 231 + -229. Suppose z + 20 = 5*g, -g - 20 = -0*g - 5*z. Suppose -b*t + g*t = 36. What are the prime factors of t?
2, 3
Suppose 14 = 2*l + 48. Let v = l + 9. What are the prime factors of (15/6)/((-4)/v)?
5
Suppose -4*u - 5*i + i = -12, 2*u + i - 7 = 0. Let c(z) = z + 7. Let s be c(-5). Suppose 0 = -2*l + l - u, -s*l = 4*t - 92. List the prime factors of t.
5
List the prime factors of (-35)/(((-1)/183)/((-63)/(-189))).
5, 7, 61
Suppose -3*f = -3*u - 4*f + 1258, 3*f = -5*u + 2094. What are the prime factors of u?
2, 3, 5, 7
Suppose v = r + 1120, 0 = 5*v + 5*r + 1751 - 7341. Suppose 4*z + 215 - v = 0. List the prime factors of z.
2, 113
Suppose 18328 = 16*h + 3192. What are the prime factors of h?
2, 11, 43
Suppose 3*u + 23 = -4*f, 3 = 4*u + 3*f + 22. List the prime factors of (u*(-30)/7)/((-2)/(-14)).
2, 3, 5
Let b = 14 - 273. Let n = b - -513. List the prime factors of n.
2, 127
Let k = -1 - -45. Let u = 64 - k. Suppose -u + 0 = -n. What are the prime factors of n?
2, 5
Let h(v) = 16*v**2 - 81*v + 6. What are the prime factors of h(6)?
2, 3
Let s(q) = -q**2 + 2*q. Let j be s(1). Let p = j - -1. Suppose 3*o - 62 = -5*m + o, -p*o = 4*m - 50. List the prime factors of m.
2, 3
Let h = -3 + -97. Let n = 228 + -86. Let g = n + h. List the prime factors of g.
2, 3, 7
Suppose -52 = -19*a + 15*a. Suppose 0 = -a*i + 2046 + 1815. What are the prime factors of i?
3, 11
Suppose 0 = 5*t + 3*b - 11148, -2*t - b = b - 4460. What are the prime factors of t?
3, 743
Suppose 0*o = 24*o - 11208. What are the prime factors of o?
467
Suppose -3*o + 99 = -3*x, -11*x = -13*x + 2. List the prime factors of o.
2, 17
Let z = -45 - -49. Suppose 42 = 2*q + z*q. What are the prime factors of q?
7
Suppose -7*d + 41 = -50. Suppose 45 = -3*u - 5*w, 0*w + w + 53 = -5*u. Let h = d + u. What are the prime factors of h?
3
Let v(l) = -56*l**3 + l**2 - l - 6. List the prime factors of v(-2).
2, 7
Let z(k) = -k**3 - 4*k**2 + 6*k + 5. Let s be z(-5). Suppose s = -g - 3*g. What are the prime factors of (-51)/(-3) + g/4?
17
Let r(v) = 2*v + 5 + 9 - 3*v - 7. Let z be r(3). Suppose -4*n = 5*x - 3*n - 15, -z*x = -5*n + 17. What are the prime factors of x?
2
Suppose 7*c + l + 3680 = 9*c, 0 = 2*c - 5*l - 3696. What are the prime factors of c?
2, 919
Suppose 2*p - 15 = f, 2*p - 17 = 2*f + 1. Suppose -5*c = -4*j - 410, -4*c - 2*j - 162 = -p*c. List the prime factors of c.
2, 43
Let f = -23 + 22. What are the prime factors of (5 + -4)/(f/(-18))?
2, 3
What are the prime factors of -2*1910/8*(-59 + 57)?
5, 191
Suppose -18 - 7 = -5*v - 2*z, 0 = -5*z + 25. Suppose -1 = s, v*l - 2*s - 194 = -l. Suppose j - l = -3*j. List the prime factors of j.
2, 3
Suppose 5*l = -0*j + 4*j + 466, -5*l = -3*j - 462. Suppose -h + 6*s = 3*s - l, -2*h - 2*s = -164. List the prime factors of h.
2, 3, 7
Suppose 5*f + 95 = 10*f. Let z(w) = 36 - 11*w - f - 19 - 9*w. What are the prime factors of z(-1)?
2, 3
Suppose -4*w = 141 - 45. List the prime factors of 464/w*(2/(-4) + -1).
29
Suppose 7 = 6*v + 1. Suppose 2*m = 5*t + 192, 0 = 4*t - 15 - v. What are the prime factors of m?
2, 53
Suppose 5*g = 2*r - 215 - 2511, -g = -5*r + 6838. List the prime factors of r.
2, 3, 19
Suppose 1568*u - 565 = 1567*u. What are the prime factors of u?
5, 113
Let x(f) = 25*f**2 + f + 108. What are the prime factors of x(-11)?
2, 7, 223
Let o be (-16)/32*-2*3. Suppose 0 + 3 = -o*f, -33 = -2*r - 3*f. What are the prime factors of r?
2, 3
Let o = -103 + 118. Suppose -o*g + 6*g = -1980. List the prime factors of g.
2, 5, 11
Let y be 19/76 + (-206)/(-8). Suppose 33 = j - y. What are the prime factors of j?
59
Suppose 3*l + 207 = -0*l. Let i = l - -145. Suppose -5*h + 4*b + 39 = -145, -4*b - i = -2*h. List the prime factors of h.
2, 3
Suppose 15*z - 12 = 12*z. Suppose 191 = z*m + 5*x, -206 = m - 5*m - 2*x. What are the prime factors of m?
2, 3
What are the prime factors of (-680)/(-24) + (-1)/(-6)*-2?
2, 7
Suppose s - o + 5 = 0, -2*o - 5 = 3*s - 3*o. Let l = 32 - s. What are the prime factors of l?
2
List the prime factors of 22188/84 + 3/(-3*7).
2, 3, 11
Let b(y) = -11*y**3 + y**2 + y - 1. Let r be b(1). Let s = -7 - r. What are the prime factors of s?
3
Let t(o) = 3*o - 3. Let u be t(2). Suppose 4 = -5*n + 2*j - 5, u*n = j - 5. List the prime factors of (-10 + -2)*n/2.
2, 3
Let s = 5 + -5. Suppose s = f - 2*f. Suppose f = -3*l - x - 3*x + 150, -2*x + 236 = 5*l. What are the prime factors of l?
2, 23
Let o(r) = 2*r - 6. Let v be o(4). Let f(k) = 4 - 4*k - k - v*k + 12*k. What are the prime factors of f(12)?
2
Let h be (4 - 0 - 3)*5. Let f = 6 - h. List the prime factors of (-274)/(-5) - f/(-5).
5, 11
Let r(a) be the first derivative of a**5/30 - a**4/6 - a**3/6 + 6*a**2 - 13. Let x(p) be the second derivative of r(p). List the prime factors of x(7).
3, 23
Let b = 71 - 51. Suppose -5*m = -5*h - 0*h - b, h = 2*m - 5. Suppose 0 = r + 3*r + 20, -5*r = z - m. List the prime factors of z.
2, 13
Let f = 82 - 81. List the prime factors of f/(-6) - (8197/(-42) + 3).
2, 3
Let d = 569 + -420. List the prime factors of d.
149
Suppose -4*t = -t - 150. Let q = -33 + 38. Suppose -m + t = r - 0*m, q*r - 214 = 4*m. What are the prime factors of r?
2, 23
Suppose -7 = -n + 3*h, -3*n = -5*n + 5*h + 13. Suppose -n*w + 4*l = l - 103, l = -5*w + 105. What are the prime factors of w?
2, 11
Let i = 10 - 6. Suppose 5*o - 44 = -g, -i*o - g = -5*o + 4. What are the prime factors of 96/o + -1*2?
2, 5
Let d = 2293 - 379. What are the prime factors of d?
2, 3, 11, 29
Suppose -v + 363 = 5*l, -3*v - 4*l + 1121 = -5*l. What are the prime factors of v?
373
Let t = -7401 - -10437. What are the prime factors of t?
2, 3, 11, 23
Let s = -14 + 3. Let p(r) = -r**3 - 12*r**2 - 10*r + 11. Let h be p(s). Suppose 2*n + 17 = 2*j + 3, h = -j + 3*n + 13. List the prime factors of j.
2
Let p be ((-6)/8)/((-4)/(-512)) - -1. Let u = 111 + p. What are the prime factors of u?
2
Suppose 3*p - 8 = -p. Let n(v) = 5*v - 2*v + 8 + 8*v**p + 7*v**2 - 6*v**2 - v**3. What are the prime factors of n(9)?
5, 7
List the prime factors of 470*((-4)/(-8) - 0).
5, 47
Suppose 2*l - 10704 = -2*g, 8*l - 12*l = -4*g + 21432. List the prime factors of g.
3, 5, 7, 17
Suppose 0*q = q + 8. Let w(i) be the second derivative of i**4/12 + 2*i**3/3 - 4*i**2 + 2*i. List the prime factors of w(q).
2, 3
Let m(k) = 4*k - 3 - 4 + 7 + 5 - k**2. List the prime factors of m(4).
5
Let t(v) = -v**2 + 8*v + 6. Let h be t(8). Suppose -2*q = -h, 4*z + 0*z = -q + 19. Suppose -3*i + g + g = 2, -z*i + 20 = 3*g. List the prime factors of i.
2
Suppose -g - 17 = -b - 3*b, -5*b + 25 = -2*g. Let o = g + -6. Let i = 4